{"id":880,"date":"2024-06-19T02:41:09","date_gmt":"2024-06-19T02:41:09","guid":{"rendered":"https:\/\/gce.eng.br\/?post_type=product&#038;p=880"},"modified":"2024-06-19T02:41:15","modified_gmt":"2024-06-19T02:41:15","slug":"valvula-funcao-nao-para-base","status":"publish","type":"product","link":"https:\/\/gce.eng.br\/index.php\/produto\/valvula-funcao-nao-para-base\/","title":{"rendered":"V\u00e1lvula fun\u00e7\u00e3o N\u00c3O para base"},"content":{"rendered":"","protected":false},"excerpt":{"rendered":"","protected":false},"featured_media":878,"comment_status":"open","ping_status":"closed","template":"","meta":[],"product_cat":[48],"product_tag":[],"_links":{"self":[{"href":"https:\/\/gce.eng.br\/index.php\/wp-json\/wp\/v2\/product\/880"}],"collection":[{"href":"https:\/\/gce.eng.br\/index.php\/wp-json\/wp\/v2\/product"}],"about":[{"href":"https:\/\/gce.eng.br\/index.php\/wp-json\/wp\/v2\/types\/product"}],"replies":[{"embeddable":true,"href":"https:\/\/gce.eng.br\/index.php\/wp-json\/wp\/v2\/comments?post=880"}],"wp:featuredmedia":[{"embeddable":true,"href":"https:\/\/gce.eng.br\/index.php\/wp-json\/wp\/v2\/media\/878"}],"wp:attachment":[{"href":"https:\/\/gce.eng.br\/index.php\/wp-json\/wp\/v2\/media?parent=880"}],"wp:term":[{"taxonomy":"product_cat","embeddable":true,"href":"https:\/\/gce.eng.br\/index.php\/wp-json\/wp\/v2\/product_cat?post=880"},{"taxonomy":"product_tag","embeddable":true,"href":"https:\/\/gce.eng.br\/index.php\/wp-json\/wp\/v2\/product_tag?post=880"}],"curies":[{"name":"wp","href":"https:\/\/api.w.org\/{rel}","templated":true}]}}