{"id":813,"date":"2024-06-19T02:03:23","date_gmt":"2024-06-19T02:03:23","guid":{"rendered":"https:\/\/gce.eng.br\/?post_type=product&#038;p=813"},"modified":"2024-06-19T02:03:23","modified_gmt":"2024-06-19T02:03:23","slug":"valvula-mt-m5-3-2-botao-plastico-preto","status":"publish","type":"product","link":"https:\/\/gce.eng.br\/index.php\/produto\/valvula-mt-m5-3-2-botao-plastico-preto\/","title":{"rendered":"V\u00e1lvula MT-M5 3\/2 Bot\u00e3o pl\u00e1stico &#8211; Preto"},"content":{"rendered":"","protected":false},"excerpt":{"rendered":"<div>\n<h6><strong>Conex\u00e3o<\/strong><\/h6>\n<h6>M5<\/h6>\n<\/div>\n<div>\n<h6><strong>Fun\u00e7\u00e3o<\/strong><\/h6>\n<h6>3\/2<\/h6>\n<\/div>\n<div>\n<h6><strong>S\u00e9rie<\/strong><\/h6>\n<h6>S\u00e9rie MT-M5 &#8211; V\u00e1lvulas 3\/2 para painel<\/h6>\n<\/div>\n<div>\n<h6><strong>Tipo<\/strong><\/h6>\n<h6>V\u00e1lvula comando por bot\u00e3o pl\u00e1stico \u00d822 (Preto)<\/h6>\n<\/div>\n","protected":false},"featured_media":814,"comment_status":"open","ping_status":"closed","template":"","meta":[],"product_cat":[40],"product_tag":[],"_links":{"self":[{"href":"https:\/\/gce.eng.br\/index.php\/wp-json\/wp\/v2\/product\/813"}],"collection":[{"href":"https:\/\/gce.eng.br\/index.php\/wp-json\/wp\/v2\/product"}],"about":[{"href":"https:\/\/gce.eng.br\/index.php\/wp-json\/wp\/v2\/types\/product"}],"replies":[{"embeddable":true,"href":"https:\/\/gce.eng.br\/index.php\/wp-json\/wp\/v2\/comments?post=813"}],"wp:featuredmedia":[{"embeddable":true,"href":"https:\/\/gce.eng.br\/index.php\/wp-json\/wp\/v2\/media\/814"}],"wp:attachment":[{"href":"https:\/\/gce.eng.br\/index.php\/wp-json\/wp\/v2\/media?parent=813"}],"wp:term":[{"taxonomy":"product_cat","embeddable":true,"href":"https:\/\/gce.eng.br\/index.php\/wp-json\/wp\/v2\/product_cat?post=813"},{"taxonomy":"product_tag","embeddable":true,"href":"https:\/\/gce.eng.br\/index.php\/wp-json\/wp\/v2\/product_tag?post=813"}],"curies":[{"name":"wp","href":"https:\/\/api.w.org\/{rel}","templated":true}]}}