{"id":791,"date":"2024-06-19T01:54:19","date_gmt":"2024-06-19T01:54:19","guid":{"rendered":"https:\/\/gce.eng.br\/?post_type=product&#038;p=791"},"modified":"2024-06-19T01:54:19","modified_gmt":"2024-06-19T01:54:19","slug":"manifold-2-pos-minieletrovalvula-3-2nf-15mm-220-230v-50-60hz","status":"publish","type":"product","link":"https:\/\/gce.eng.br\/index.php\/produto\/manifold-2-pos-minieletrovalvula-3-2nf-15mm-220-230v-50-60hz\/","title":{"rendered":"Manifold 2 pos. minieletrov\u00e1lvula 3\/2NF 15mm &#8211; 220\/230V 50\/60Hz"},"content":{"rendered":"","protected":false},"excerpt":{"rendered":"<div>\n<h6><strong>Conex\u00e3o<\/strong><\/h6>\n<h6>M5<\/h6>\n<\/div>\n<div>\n<h6><strong>Fun\u00e7\u00e3o<\/strong><\/h6>\n<h6>3\/2<\/h6>\n<\/div>\n<div>\n<h6><strong>S\u00e9rie<\/strong><\/h6>\n<h6>S\u00e9rie Minieletrov\u00e1lvulas 15mm &#8211; 3\/2<\/h6>\n<\/div>\n<div>\n<h6><strong>Tens\u00e3o<\/strong><\/h6>\n<h6>220\/230V &#8211; 50\/60Hz<\/h6>\n<\/div>\n<div>\n<h6><strong>Tipo<\/strong><\/h6>\n<h6>Minieletrov\u00e1lvulas em manifold 2 posi\u00e7\u00f5es<\/h6>\n<\/div>\n","protected":false},"featured_media":792,"comment_status":"open","ping_status":"closed","template":"","meta":[],"product_cat":[37],"product_tag":[],"_links":{"self":[{"href":"https:\/\/gce.eng.br\/index.php\/wp-json\/wp\/v2\/product\/791"}],"collection":[{"href":"https:\/\/gce.eng.br\/index.php\/wp-json\/wp\/v2\/product"}],"about":[{"href":"https:\/\/gce.eng.br\/index.php\/wp-json\/wp\/v2\/types\/product"}],"replies":[{"embeddable":true,"href":"https:\/\/gce.eng.br\/index.php\/wp-json\/wp\/v2\/comments?post=791"}],"wp:featuredmedia":[{"embeddable":true,"href":"https:\/\/gce.eng.br\/index.php\/wp-json\/wp\/v2\/media\/792"}],"wp:attachment":[{"href":"https:\/\/gce.eng.br\/index.php\/wp-json\/wp\/v2\/media?parent=791"}],"wp:term":[{"taxonomy":"product_cat","embeddable":true,"href":"https:\/\/gce.eng.br\/index.php\/wp-json\/wp\/v2\/product_cat?post=791"},{"taxonomy":"product_tag","embeddable":true,"href":"https:\/\/gce.eng.br\/index.php\/wp-json\/wp\/v2\/product_tag?post=791"}],"curies":[{"name":"wp","href":"https:\/\/api.w.org\/{rel}","templated":true}]}}