{"id":701,"date":"2024-06-02T23:09:39","date_gmt":"2024-06-02T23:09:39","guid":{"rendered":"https:\/\/gce.eng.br\/?post_type=product&#038;p=701"},"modified":"2024-06-02T23:09:39","modified_gmt":"2024-06-02T23:09:39","slug":"eletrovalvulas-direcionais-com-modo-de-protecao-de-seguranca-intrinseca","status":"publish","type":"product","link":"https:\/\/gce.eng.br\/index.php\/produto\/eletrovalvulas-direcionais-com-modo-de-protecao-de-seguranca-intrinseca\/","title":{"rendered":"Eletrov\u00e1lvulas direcionais com modo de prote\u00e7\u00e3o de seguran\u00e7a intr\u00ednseca"},"content":{"rendered":"<p>Conjunto de comando eletroneum\u00e1tico, 3\/2 normal fechado, com modo de prote\u00e7\u00e3o de seguran\u00e7a intr\u00ednseca. Com atuador manual monoest\u00e1vel.<\/p>\n","protected":false},"excerpt":{"rendered":"<p>Conjunto de comando eletroneum\u00e1tico, 3\/2 normal fechado, com modo de prote\u00e7\u00e3o de seguran\u00e7a intr\u00ednseca. Com atuador manual monoest\u00e1vel.<\/p>\n","protected":false},"featured_media":702,"comment_status":"open","ping_status":"closed","template":"","meta":[],"product_cat":[33],"product_tag":[],"_links":{"self":[{"href":"https:\/\/gce.eng.br\/index.php\/wp-json\/wp\/v2\/product\/701"}],"collection":[{"href":"https:\/\/gce.eng.br\/index.php\/wp-json\/wp\/v2\/product"}],"about":[{"href":"https:\/\/gce.eng.br\/index.php\/wp-json\/wp\/v2\/types\/product"}],"replies":[{"embeddable":true,"href":"https:\/\/gce.eng.br\/index.php\/wp-json\/wp\/v2\/comments?post=701"}],"wp:featuredmedia":[{"embeddable":true,"href":"https:\/\/gce.eng.br\/index.php\/wp-json\/wp\/v2\/media\/702"}],"wp:attachment":[{"href":"https:\/\/gce.eng.br\/index.php\/wp-json\/wp\/v2\/media?parent=701"}],"wp:term":[{"taxonomy":"product_cat","embeddable":true,"href":"https:\/\/gce.eng.br\/index.php\/wp-json\/wp\/v2\/product_cat?post=701"},{"taxonomy":"product_tag","embeddable":true,"href":"https:\/\/gce.eng.br\/index.php\/wp-json\/wp\/v2\/product_tag?post=701"}],"curies":[{"name":"wp","href":"https:\/\/api.w.org\/{rel}","templated":true}]}}